{"id":1693,"date":"2025-12-30T12:45:00","date_gmt":"2025-12-30T12:45:00","guid":{"rendered":"https:\/\/www.fripige.dk\/?page_id=1693"},"modified":"2025-12-30T13:16:21","modified_gmt":"2025-12-30T13:16:21","slug":"camp-underside-1","status":"publish","type":"page","link":"https:\/\/www.fripige.dk\/?page_id=1693","title":{"rendered":"Camp underside 1"},"content":{"rendered":"<style>.kb-row-layout-id1693_87e4ba-d9 > .kt-row-column-wrap{align-content:start;}:where(.kb-row-layout-id1693_87e4ba-d9 > .kt-row-column-wrap) > .wp-block-kadence-column{justify-content:start;}.kb-row-layout-id1693_87e4ba-d9 > .kt-row-column-wrap{column-gap:var(--global-kb-gap-none, 0rem );row-gap:var(--global-kb-gap-none, 0rem );padding-top:0px;padding-right:0px;padding-bottom:0px;padding-left:0px;grid-template-columns:minmax(0, 1fr);}.kb-row-layout-id1693_87e4ba-d9 > .kt-row-layout-overlay{opacity:0.30;}@media all and (max-width: 1024px){.kb-row-layout-id1693_87e4ba-d9 > .kt-row-column-wrap{grid-template-columns:minmax(0, 1fr);}}@media all and (max-width: 767px){.kb-row-layout-id1693_87e4ba-d9 > .kt-row-column-wrap{grid-template-columns:minmax(0, 1fr);}}<\/style><div class=\"kb-row-layout-wrap kb-row-layout-id1693_87e4ba-d9 alignfull wp-block-kadence-rowlayout\"><div class=\"kt-row-column-wrap kt-has-2-columns kt-row-layout-row kt-tab-layout-inherit kt-mobile-layout-row kt-row-valign-top\">\n<style>.kadence-column1693_b84890-99 > .kt-inside-inner-col{padding-top:var(--global-kb-spacing-4xl, 8rem);padding-bottom:var(--global-kb-spacing-4xl, 8rem);}.kadence-column1693_b84890-99 > .kt-inside-inner-col,.kadence-column1693_b84890-99 > .kt-inside-inner-col:before{border-top-left-radius:0px;border-top-right-radius:0px;border-bottom-right-radius:0px;border-bottom-left-radius:0px;}.kadence-column1693_b84890-99 > .kt-inside-inner-col{column-gap:0px;}.kadence-column1693_b84890-99 > .kt-inside-inner-col{flex-direction:column;}.kadence-column1693_b84890-99 > .kt-inside-inner-col > .aligncenter{width:100%;}.kadence-column1693_b84890-99 > .kt-inside-inner-col{background-image:url('https:\/\/www.fripige.dk\/wp-content\/uploads\/2025\/12\/Kajak_aben_vand_piger.jpg');background-size:cover;background-position:50% 46%;background-attachment:scroll;background-repeat:no-repeat;}.kadence-column1693_b84890-99 > .kt-inside-inner-col:before{opacity:0.5;background-color:#1b202c;}.kadence-column1693_b84890-99{text-align:left;}.kadence-column1693_b84890-99{position:relative;}.kadence-column1693_b84890-99, .kt-inside-inner-col > .kadence-column1693_b84890-99:not(.specificity){margin-right:0px;margin-left:0px;}@media all and (max-width: 1024px){.kadence-column1693_b84890-99 > .kt-inside-inner-col{padding-top:var(--global-kb-spacing-lg, 3rem);padding-bottom:var(--global-kb-spacing-xxl, 5rem);flex-direction:column;justify-content:center;}}@media all and (max-width: 767px){.kadence-column1693_b84890-99 > .kt-inside-inner-col{flex-direction:column;justify-content:center;}}<\/style>\n<div class=\"wp-block-kadence-column kadence-column1693_b84890-99 kb-section-has-overlay kb-section-dir-vertical\"><div class=\"kt-inside-inner-col\"><style>.kb-row-layout-id1693_28bcf3-7b > .kt-row-column-wrap{align-content:start;}:where(.kb-row-layout-id1693_28bcf3-7b > .kt-row-column-wrap) > .wp-block-kadence-column{justify-content:start;}.kb-row-layout-id1693_28bcf3-7b > .kt-row-column-wrap{column-gap:var(--global-kb-gap-md, 2rem);row-gap:var(--global-kb-gap-md, 2rem);max-width:var( --global-content-width, 1320px );padding-left:var(--global-content-edge-padding);padding-right:var(--global-content-edge-padding);padding-top:var(--global-kb-spacing-sm, 1.5rem);padding-bottom:var(--global-kb-spacing-sm, 1.5rem);grid-template-columns:minmax(0, 1fr);}.kb-row-layout-id1693_28bcf3-7b > .kt-row-layout-overlay{opacity:0.30;}@media all and (max-width: 1024px){.kb-row-layout-id1693_28bcf3-7b > .kt-row-column-wrap{grid-template-columns:minmax(0, 1fr);}}@media all and (max-width: 767px){.kb-row-layout-id1693_28bcf3-7b > .kt-row-column-wrap{grid-template-columns:minmax(0, 1fr);}}<\/style><div class=\"kb-row-layout-wrap kb-row-layout-id1693_28bcf3-7b alignnone wp-block-kadence-rowlayout\"><div class=\"kt-row-column-wrap kt-has-1-columns kt-row-layout-equal kt-tab-layout-inherit kt-mobile-layout-row kt-row-valign-top kb-theme-content-width\">\n<style>.kadence-column1693_d113e3-57 > .kt-inside-inner-col,.kadence-column1693_d113e3-57 > .kt-inside-inner-col:before{border-top-left-radius:0px;border-top-right-radius:0px;border-bottom-right-radius:0px;border-bottom-left-radius:0px;}.kadence-column1693_d113e3-57 > .kt-inside-inner-col{column-gap:var(--global-kb-gap-sm, 1rem);}.kadence-column1693_d113e3-57 > .kt-inside-inner-col{flex-direction:column;}.kadence-column1693_d113e3-57 > .kt-inside-inner-col > .aligncenter{width:100%;}.kadence-column1693_d113e3-57 > .kt-inside-inner-col:before{opacity:0.3;}.kadence-column1693_d113e3-57{position:relative;}@media all and (max-width: 1024px){.kadence-column1693_d113e3-57 > .kt-inside-inner-col{flex-direction:column;justify-content:center;}}@media all and (max-width: 767px){.kadence-column1693_d113e3-57 > .kt-inside-inner-col{flex-direction:column;justify-content:center;}}<\/style>\n<div class=\"wp-block-kadence-column kadence-column1693_d113e3-57 kb-section-dir-vertical\"><div class=\"kt-inside-inner-col\"><style>.wp-block-kadence-advancedheading.kt-adv-heading1693_a236d2-9a, .wp-block-kadence-advancedheading.kt-adv-heading1693_a236d2-9a[data-kb-block=\"kb-adv-heading1693_a236d2-9a\"]{max-width:620px;font-size:var(--global-kb-font-size-sm, 0.9rem);font-style:normal;text-transform:uppercase;color:#fefefe;}.wp-block-kadence-advancedheading.kt-adv-heading1693_a236d2-9a mark.kt-highlight, .wp-block-kadence-advancedheading.kt-adv-heading1693_a236d2-9a[data-kb-block=\"kb-adv-heading1693_a236d2-9a\"] mark.kt-highlight{font-style:normal;color:#f76a0c;-webkit-box-decoration-break:clone;box-decoration-break:clone;padding-top:0px;padding-right:0px;padding-bottom:0px;padding-left:0px;}.wp-block-kadence-advancedheading.kt-adv-heading1693_a236d2-9a img.kb-inline-image, .wp-block-kadence-advancedheading.kt-adv-heading1693_a236d2-9a[data-kb-block=\"kb-adv-heading1693_a236d2-9a\"] img.kb-inline-image{width:150px;vertical-align:baseline;}<\/style>\n<p class=\"kt-adv-heading1693_a236d2-9a wp-block-kadence-advancedheading\" data-kb-block=\"kb-adv-heading1693_a236d2-9a\">22-23 april 2026 \u2013 Frederica <\/p>\n\n\n<style>.wp-block-kadence-advancedheading.kt-adv-heading1693_0d8a50-69, .wp-block-kadence-advancedheading.kt-adv-heading1693_0d8a50-69[data-kb-block=\"kb-adv-heading1693_0d8a50-69\"]{max-width:620px;margin-top:var(--global-kb-spacing-sm, 1.5rem);font-size:var(--global-kb-font-size-xxl, 4rem);line-height:1;font-style:normal;}.wp-block-kadence-advancedheading.kt-adv-heading1693_0d8a50-69 mark.kt-highlight, .wp-block-kadence-advancedheading.kt-adv-heading1693_0d8a50-69[data-kb-block=\"kb-adv-heading1693_0d8a50-69\"] mark.kt-highlight{font-style:normal;color:#f76a0c;-webkit-box-decoration-break:clone;box-decoration-break:clone;padding-top:0px;padding-right:0px;padding-bottom:0px;padding-left:0px;}.wp-block-kadence-advancedheading.kt-adv-heading1693_0d8a50-69 img.kb-inline-image, .wp-block-kadence-advancedheading.kt-adv-heading1693_0d8a50-69[data-kb-block=\"kb-adv-heading1693_0d8a50-69\"] img.kb-inline-image{width:150px;vertical-align:baseline;}<\/style>\n<h2 class=\"kt-adv-heading1693_0d8a50-69 wp-block-kadence-advancedheading has-kb-palette-1-color has-text-color\" data-kb-block=\"kb-adv-heading1693_0d8a50-69\">kajak camp<\/h2>\n\n\n\n<div style=\"height:274px\" aria-hidden=\"true\" class=\"wp-block-spacer\"><\/div>\n\n\n<style>.wp-block-kadence-advancedbtn.kb-btns1693_9a3a24-df{gap:var(--global-kb-gap-xs, 0.5rem );justify-content:center;align-items:center;}.kt-btns1693_9a3a24-df .kt-button{font-weight:normal;font-style:normal;}.kt-btns1693_9a3a24-df .kt-btn-wrap-0{margin-right:5px;}.wp-block-kadence-advancedbtn.kt-btns1693_9a3a24-df .kt-btn-wrap-0 .kt-button{color:#555555;border-color:#555555;}.wp-block-kadence-advancedbtn.kt-btns1693_9a3a24-df .kt-btn-wrap-0 .kt-button:hover, .wp-block-kadence-advancedbtn.kt-btns1693_9a3a24-df .kt-btn-wrap-0 .kt-button:focus{color:#ffffff;border-color:#444444;}.wp-block-kadence-advancedbtn.kt-btns1693_9a3a24-df .kt-btn-wrap-0 .kt-button::before{display:none;}.wp-block-kadence-advancedbtn.kt-btns1693_9a3a24-df .kt-btn-wrap-0 .kt-button:hover, .wp-block-kadence-advancedbtn.kt-btns1693_9a3a24-df .kt-btn-wrap-0 .kt-button:focus{background:#444444;}<\/style>\n<div class=\"wp-block-kadence-advancedbtn kb-buttons-wrap kb-btns1693_9a3a24-df\"><style>.wp-block-kadence-advancedbtn .kb-btn1693_acae3f-8b.kb-button, ul.menu .wp-block-kadence-advancedbtn .kb-btn1693_acae3f-8b.kb-button{width:400px;}<\/style><a class=\"kb-button kt-button button kb-btn1693_acae3f-8b kt-btn-size-standard kt-btn-width-type-fixed kb-btn-global-fill  kt-btn-has-text-true kt-btn-has-svg-false  wp-block-kadence-singlebtn\" href=\"https:\/\/fripige.nemtilmeld.dk\/30\/\"><span class=\"kt-btn-inner-text\">Tilmeld<\/span><\/a><\/div>\n<\/div><\/div>\n\n<\/div><\/div><\/div><\/div>\n\n\n<style>.kadence-column1693_882da7-45 > .kt-inside-inner-col,.kadence-column1693_882da7-45 > .kt-inside-inner-col:before{border-top-left-radius:0px;border-top-right-radius:0px;border-bottom-right-radius:0px;border-bottom-left-radius:0px;}.kadence-column1693_882da7-45 > .kt-inside-inner-col{column-gap:var(--global-kb-gap-sm, 1rem);}.kadence-column1693_882da7-45 > .kt-inside-inner-col{flex-direction:column;}.kadence-column1693_882da7-45 > .kt-inside-inner-col > .aligncenter{width:100%;}.kadence-column1693_882da7-45 > .kt-inside-inner-col{background-color:var(--global-palette4, #2D3748);}.kadence-column1693_882da7-45 > .kt-inside-inner-col:before{opacity:0.3;}.kadence-column1693_882da7-45{text-align:left;}.kadence-column1693_882da7-45{position:relative;}@media all and (max-width: 1024px){.kadence-column1693_882da7-45 > .kt-inside-inner-col{padding-left:0%;flex-direction:column;justify-content:center;}}@media all and (max-width: 767px){.kadence-column1693_882da7-45 > .kt-inside-inner-col{flex-direction:column;justify-content:center;}}<\/style>\n<div class=\"wp-block-kadence-column kadence-column1693_882da7-45\"><div class=\"kt-inside-inner-col\"><style>.kb-row-layout-wrap.wp-block-kadence-rowlayout.kb-row-layout-id1693_1777aa-85{margin-top:-90px;}.kb-row-layout-id1693_1777aa-85 > .kt-row-column-wrap{align-content:start;}:where(.kb-row-layout-id1693_1777aa-85 > .kt-row-column-wrap) > .wp-block-kadence-column{justify-content:start;}.kb-row-layout-id1693_1777aa-85 > .kt-row-column-wrap{column-gap:var(--global-kb-gap-md, 2rem);row-gap:var(--global-kb-gap-md, 2rem);max-width:var( --global-content-width, 1320px );padding-left:var(--global-content-edge-padding);padding-right:var(--global-content-edge-padding);padding-top:var(--global-kb-spacing-md, 2rem);padding-bottom:var(--global-kb-spacing-xxl, 5rem);}.kb-row-layout-id1693_1777aa-85 > .kt-row-column-wrap > div:not(.added-for-specificity){grid-column:initial;}.kb-row-layout-id1693_1777aa-85 > .kt-row-column-wrap{grid-template-columns:repeat(3, minmax(0, 1fr));}.kb-row-layout-id1693_1777aa-85 > .kt-row-layout-overlay{opacity:0.30;}@media all and (max-width: 1024px){.kb-row-layout-wrap.wp-block-kadence-rowlayout.kb-row-layout-id1693_1777aa-85{margin-top:-80px;}}@media all and (max-width: 1024px){.kb-row-layout-id1693_1777aa-85 > .kt-row-column-wrap{column-gap:var(--global-kb-gap-sm, 1rem);grid-template-columns:repeat(3, minmax(0, 1fr));}}@media all and (max-width: 1024px){.kb-row-layout-id1693_1777aa-85 > .kt-row-column-wrap > div:not(.added-for-specificity){grid-column:initial;}}@media all and (max-width: 767px){.kb-row-layout-id1693_1777aa-85 > .kt-row-column-wrap > div:not(.added-for-specificity){grid-column:initial;}.kb-row-layout-id1693_1777aa-85 > .kt-row-column-wrap{grid-template-columns:minmax(0, 1fr);}}<\/style><div class=\"kb-row-layout-wrap kb-row-layout-id1693_1777aa-85 alignnone has-kb-palette-2-background-color kt-row-has-bg wp-block-kadence-rowlayout\"><div class=\"kt-row-column-wrap kt-has-3-columns kt-row-layout-equal kt-tab-layout-inherit kt-mobile-layout-row kt-row-valign-top kb-theme-content-width\">\n<style>.kadence-column1693_579f7e-83 > .kt-inside-inner-col{padding-top:var(--global-kb-spacing-lg, 3rem);padding-right:var(--global-kb-spacing-sm, 1.5rem);padding-bottom:var(--global-kb-spacing-lg, 3rem);padding-left:var(--global-kb-spacing-sm, 1.5rem);}.kadence-column1693_579f7e-83 > .kt-inside-inner-col,.kadence-column1693_579f7e-83 > .kt-inside-inner-col:before{border-top-left-radius:0px;border-top-right-radius:0px;border-bottom-right-radius:0px;border-bottom-left-radius:0px;}.kadence-column1693_579f7e-83 > .kt-inside-inner-col{column-gap:0px;}.kadence-column1693_579f7e-83 > .kt-inside-inner-col{flex-direction:column;}.kadence-column1693_579f7e-83 > .kt-inside-inner-col > .aligncenter{width:100%;}.kadence-column1693_579f7e-83 > .kt-inside-inner-col{background-color:var(--global-palette3, #1A202C);}.kadence-column1693_579f7e-83 > .kt-inside-inner-col:before{opacity:0.3;}.kadence-column1693_579f7e-83{position:relative;}@media all and (max-width: 1024px){.kadence-column1693_579f7e-83 > .kt-inside-inner-col{flex-direction:column;justify-content:center;}}@media all and (max-width: 767px){.kadence-column1693_579f7e-83 > .kt-inside-inner-col{flex-direction:column;justify-content:center;}}<\/style>\n<div class=\"wp-block-kadence-column kadence-column1693_579f7e-83 kb-section-dir-vertical\"><div class=\"kt-inside-inner-col\"><style>.wp-block-kadence-advancedheading.kt-adv-heading1693_7dceb2-8f, .wp-block-kadence-advancedheading.kt-adv-heading1693_7dceb2-8f[data-kb-block=\"kb-adv-heading1693_7dceb2-8f\"]{margin-bottom:var(--global-kb-spacing-xs, 1rem);text-align:center;font-size:var(--global-kb-font-size-md, 1.25rem);font-weight:400;font-style:normal;}.wp-block-kadence-advancedheading.kt-adv-heading1693_7dceb2-8f mark.kt-highlight, .wp-block-kadence-advancedheading.kt-adv-heading1693_7dceb2-8f[data-kb-block=\"kb-adv-heading1693_7dceb2-8f\"] mark.kt-highlight{font-style:normal;color:#f76a0c;-webkit-box-decoration-break:clone;box-decoration-break:clone;padding-top:0px;padding-right:0px;padding-bottom:0px;padding-left:0px;}.wp-block-kadence-advancedheading.kt-adv-heading1693_7dceb2-8f img.kb-inline-image, .wp-block-kadence-advancedheading.kt-adv-heading1693_7dceb2-8f[data-kb-block=\"kb-adv-heading1693_7dceb2-8f\"] img.kb-inline-image{width:150px;vertical-align:baseline;}<\/style>\n<h3 class=\"kt-adv-heading1693_7dceb2-8f wp-block-kadence-advancedheading has-theme-palette-9-color has-text-color\" data-kb-block=\"kb-adv-heading1693_7dceb2-8f\">Det vi blandt andet skal:<\/h3>\n\n\n<style>.wp-block-kadence-advancedheading.kt-adv-heading1693_b2826e-7c, .wp-block-kadence-advancedheading.kt-adv-heading1693_b2826e-7c[data-kb-block=\"kb-adv-heading1693_b2826e-7c\"]{text-align:left;font-size:var(--global-kb-font-size-sm, 0.9rem);font-style:normal;}.wp-block-kadence-advancedheading.kt-adv-heading1693_b2826e-7c mark.kt-highlight, .wp-block-kadence-advancedheading.kt-adv-heading1693_b2826e-7c[data-kb-block=\"kb-adv-heading1693_b2826e-7c\"] mark.kt-highlight{font-style:normal;color:#f76a0c;-webkit-box-decoration-break:clone;box-decoration-break:clone;padding-top:0px;padding-right:0px;padding-bottom:0px;padding-left:0px;}.wp-block-kadence-advancedheading.kt-adv-heading1693_b2826e-7c img.kb-inline-image, .wp-block-kadence-advancedheading.kt-adv-heading1693_b2826e-7c[data-kb-block=\"kb-adv-heading1693_b2826e-7c\"] img.kb-inline-image{width:150px;vertical-align:baseline;}<\/style>\n<p class=\"kt-adv-heading1693_b2826e-7c wp-block-kadence-advancedheading has-theme-palette-8-color has-text-color\" data-kb-block=\"kb-adv-heading1693_b2826e-7c\">&#8211; Intro til kajak<br>&#8211; Lejrops\u00e6tning og b\u00e5lmad<br>&#8211; Sauna og (frivilligt) dyp i Lilleb\u00e6lt<br>&#8211; B\u00e5lhygge<br>&#8211; Overnatning i shelter eller telt<\/p>\n<\/div><\/div>\n\n\n<style>.kadence-column1693_86bccb-b6 > .kt-inside-inner-col{padding-top:var(--global-kb-spacing-lg, 3rem);padding-right:var(--global-kb-spacing-sm, 1.5rem);padding-bottom:var(--global-kb-spacing-lg, 3rem);padding-left:var(--global-kb-spacing-sm, 1.5rem);}.kadence-column1693_86bccb-b6 > .kt-inside-inner-col,.kadence-column1693_86bccb-b6 > .kt-inside-inner-col:before{border-top-left-radius:0px;border-top-right-radius:0px;border-bottom-right-radius:0px;border-bottom-left-radius:0px;}.kadence-column1693_86bccb-b6 > .kt-inside-inner-col{column-gap:0px;}.kadence-column1693_86bccb-b6 > .kt-inside-inner-col{flex-direction:column;}.kadence-column1693_86bccb-b6 > .kt-inside-inner-col > .aligncenter{width:100%;}.kadence-column1693_86bccb-b6 > .kt-inside-inner-col{background-color:var(--global-palette3, #1A202C);}.kadence-column1693_86bccb-b6 > .kt-inside-inner-col:before{opacity:0.3;}.kadence-column1693_86bccb-b6{position:relative;}@media all and (max-width: 1024px){.kadence-column1693_86bccb-b6 > .kt-inside-inner-col{flex-direction:column;justify-content:center;}}@media all and (max-width: 767px){.kadence-column1693_86bccb-b6 > .kt-inside-inner-col{flex-direction:column;justify-content:center;}}<\/style>\n<div class=\"wp-block-kadence-column kadence-column1693_86bccb-b6 kb-section-dir-vertical\"><div class=\"kt-inside-inner-col\"><style>.wp-block-kadence-advancedheading.kt-adv-heading1693_530f45-9f, .wp-block-kadence-advancedheading.kt-adv-heading1693_530f45-9f[data-kb-block=\"kb-adv-heading1693_530f45-9f\"]{text-align:left;font-size:var(--global-kb-font-size-sm, 0.9rem);font-style:normal;}.wp-block-kadence-advancedheading.kt-adv-heading1693_530f45-9f mark.kt-highlight, .wp-block-kadence-advancedheading.kt-adv-heading1693_530f45-9f[data-kb-block=\"kb-adv-heading1693_530f45-9f\"] mark.kt-highlight{font-style:normal;color:#f76a0c;-webkit-box-decoration-break:clone;box-decoration-break:clone;padding-top:0px;padding-right:0px;padding-bottom:0px;padding-left:0px;}.wp-block-kadence-advancedheading.kt-adv-heading1693_530f45-9f img.kb-inline-image, .wp-block-kadence-advancedheading.kt-adv-heading1693_530f45-9f[data-kb-block=\"kb-adv-heading1693_530f45-9f\"] img.kb-inline-image{width:150px;vertical-align:baseline;}<\/style>\n<p class=\"kt-adv-heading1693_530f45-9f wp-block-kadence-advancedheading has-theme-palette-8-color has-text-color\" data-kb-block=\"kb-adv-heading1693_530f45-9f\">Vi skaber oplevelser, der giver piger og kvinder mulighed for at finde ro, styrke og f\u00e6llesskab i naturen \u2013 og m\u00e6rke, at man godt m\u00e5 v\u00e6re b\u00e5de stille og st\u00e6rk p\u00e5 samme tid. <strong>\ud83d\udc9a<\/strong> <strong>Vi gl\u00e6der os til at dele weekenden med dig.<\/strong><\/p>\n<\/div><\/div>\n\n\n<style>.kadence-column1693_d7a13a-b8 > .kt-inside-inner-col{padding-top:var(--global-kb-spacing-lg, 3rem);padding-right:var(--global-kb-spacing-sm, 1.5rem);padding-bottom:var(--global-kb-spacing-lg, 3rem);padding-left:var(--global-kb-spacing-sm, 1.5rem);}.kadence-column1693_d7a13a-b8 > .kt-inside-inner-col,.kadence-column1693_d7a13a-b8 > .kt-inside-inner-col:before{border-top-left-radius:0px;border-top-right-radius:0px;border-bottom-right-radius:0px;border-bottom-left-radius:0px;}.kadence-column1693_d7a13a-b8 > .kt-inside-inner-col{column-gap:0px;}.kadence-column1693_d7a13a-b8 > .kt-inside-inner-col{flex-direction:column;}.kadence-column1693_d7a13a-b8 > .kt-inside-inner-col > .aligncenter{width:100%;}.kadence-column1693_d7a13a-b8 > .kt-inside-inner-col{background-color:var(--global-palette3, #1A202C);}.kadence-column1693_d7a13a-b8 > .kt-inside-inner-col:before{opacity:0.3;}.kadence-column1693_d7a13a-b8{position:relative;}@media all and (max-width: 1024px){.kadence-column1693_d7a13a-b8 > .kt-inside-inner-col{flex-direction:column;justify-content:center;}}@media all and (max-width: 767px){.kadence-column1693_d7a13a-b8 > .kt-inside-inner-col{flex-direction:column;justify-content:center;}}<\/style>\n<div class=\"wp-block-kadence-column kadence-column1693_d7a13a-b8 kb-section-dir-vertical\"><div class=\"kt-inside-inner-col\"><style>.wp-block-kadence-advancedheading.kt-adv-heading1693_8ce6d3-01, .wp-block-kadence-advancedheading.kt-adv-heading1693_8ce6d3-01[data-kb-block=\"kb-adv-heading1693_8ce6d3-01\"]{margin-bottom:var(--global-kb-spacing-xs, 1rem);text-align:center;font-size:var(--global-kb-font-size-md, 1.25rem);font-weight:400;font-style:normal;}.wp-block-kadence-advancedheading.kt-adv-heading1693_8ce6d3-01 mark.kt-highlight, .wp-block-kadence-advancedheading.kt-adv-heading1693_8ce6d3-01[data-kb-block=\"kb-adv-heading1693_8ce6d3-01\"] mark.kt-highlight{font-style:normal;color:#f76a0c;-webkit-box-decoration-break:clone;box-decoration-break:clone;padding-top:0px;padding-right:0px;padding-bottom:0px;padding-left:0px;}.wp-block-kadence-advancedheading.kt-adv-heading1693_8ce6d3-01 img.kb-inline-image, .wp-block-kadence-advancedheading.kt-adv-heading1693_8ce6d3-01[data-kb-block=\"kb-adv-heading1693_8ce6d3-01\"] img.kb-inline-image{width:150px;vertical-align:baseline;}<\/style>\n<h3 class=\"kt-adv-heading1693_8ce6d3-01 wp-block-kadence-advancedheading has-theme-palette-9-color has-text-color\" data-kb-block=\"kb-adv-heading1693_8ce6d3-01\">Praktisk info:<\/h3>\n\n\n<style>.wp-block-kadence-advancedheading.kt-adv-heading1693_b4aa6d-f5, .wp-block-kadence-advancedheading.kt-adv-heading1693_b4aa6d-f5[data-kb-block=\"kb-adv-heading1693_b4aa6d-f5\"]{text-align:left;font-size:var(--global-kb-font-size-sm, 0.9rem);font-style:normal;}.wp-block-kadence-advancedheading.kt-adv-heading1693_b4aa6d-f5 mark.kt-highlight, .wp-block-kadence-advancedheading.kt-adv-heading1693_b4aa6d-f5[data-kb-block=\"kb-adv-heading1693_b4aa6d-f5\"] mark.kt-highlight{font-style:normal;color:#f76a0c;-webkit-box-decoration-break:clone;box-decoration-break:clone;padding-top:0px;padding-right:0px;padding-bottom:0px;padding-left:0px;}.wp-block-kadence-advancedheading.kt-adv-heading1693_b4aa6d-f5 img.kb-inline-image, .wp-block-kadence-advancedheading.kt-adv-heading1693_b4aa6d-f5[data-kb-block=\"kb-adv-heading1693_b4aa6d-f5\"] img.kb-inline-image{width:150px;vertical-align:baseline;}<\/style>\n<p class=\"kt-adv-heading1693_b4aa6d-f5 wp-block-kadence-advancedheading has-theme-palette-8-color has-text-color\" data-kb-block=\"kb-adv-heading1693_b4aa6d-f5\"><strong>Tid:<\/strong> L\u00f8rdag kl. 09.00 til s\u00f8ndag kl. 17.00<br><strong>Sted:<\/strong> Vi m\u00f8des ved Fredericia Kajakklub<br><strong>Pris:<\/strong> Gratis<br><strong>Medbring:<\/strong> Sovepose, praktisk t\u00f8j, tandb\u00f8rste<br>\u2192 Har du ikke udstyr, kan du l\u00e5ne af os<br><br><strong>Kontakt:<\/strong> Skriv til\u00a0<a>info@fripige.dk<\/a>\u00a0eller via Instagram @fripige.dk.\u00a0<\/p>\n<\/div><\/div>\n\n<\/div><\/div><\/div><\/div>\n\n<\/div><\/div>\n\n\n<p><\/p>\n","protected":false},"excerpt":{"rendered":"<p>22-23 april 2026 \u2013 Frederica kajak camp Det vi blandt andet skal: &#8211; Intro til kajak&#8211; Lejrops\u00e6tning og b\u00e5lmad&#8211; Sauna og (frivilligt) dyp i Lilleb\u00e6lt&#8211; B\u00e5lhygge&#8211; Overnatning i shelter eller&#8230;<\/p>\n","protected":false},"author":2,"featured_media":0,"parent":0,"menu_order":0,"comment_status":"closed","ping_status":"closed","template":"","meta":{"advanced_seo_description":"","jetpack_seo_html_title":"","jetpack_seo_noindex":false,"_EventAllDay":false,"_EventTimezone":"","_EventStartDate":"","_EventEndDate":"","_EventStartDateUTC":"","_EventEndDateUTC":"","_EventShowMap":false,"_EventShowMapLink":false,"_EventURL":"","_EventCost":"","_EventCostDescription":"","_EventCurrencySymbol":"","_EventCurrencyCode":"","_EventCurrencyPosition":"","_EventDateTimeSeparator":"","_EventTimeRangeSeparator":"","_EventOrganizerID":[],"_EventVenueID":[],"_OrganizerEmail":"","_OrganizerPhone":"","_OrganizerWebsite":"","_VenueAddress":"","_VenueCity":"","_VenueCountry":"","_VenueProvince":"","_VenueState":"","_VenueZip":"","_VenuePhone":"","_VenueURL":"","_VenueStateProvince":"","_VenueLat":"","_VenueLng":"","_VenueShowMap":false,"_VenueShowMapLink":false,"_kadence_starter_templates_imported_post":false,"_kad_post_transparent":"","_kad_post_title":"","_kad_post_layout":"","_kad_post_sidebar_id":"","_kad_post_content_style":"","_kad_post_vertical_padding":"","_kad_post_feature":"","_kad_post_feature_position":"","_kad_post_header":false,"_kad_post_footer":false,"footnotes":""},"class_list":["post-1693","page","type-page","status-publish","hentry"],"jetpack_sharing_enabled":true,"_links":{"self":[{"href":"https:\/\/www.fripige.dk\/index.php?rest_route=\/wp\/v2\/pages\/1693","targetHints":{"allow":["GET"]}}],"collection":[{"href":"https:\/\/www.fripige.dk\/index.php?rest_route=\/wp\/v2\/pages"}],"about":[{"href":"https:\/\/www.fripige.dk\/index.php?rest_route=\/wp\/v2\/types\/page"}],"author":[{"embeddable":true,"href":"https:\/\/www.fripige.dk\/index.php?rest_route=\/wp\/v2\/users\/2"}],"replies":[{"embeddable":true,"href":"https:\/\/www.fripige.dk\/index.php?rest_route=%2Fwp%2Fv2%2Fcomments&post=1693"}],"version-history":[{"count":0,"href":"https:\/\/www.fripige.dk\/index.php?rest_route=\/wp\/v2\/pages\/1693\/revisions"}],"wp:attachment":[{"href":"https:\/\/www.fripige.dk\/index.php?rest_route=%2Fwp%2Fv2%2Fmedia&parent=1693"}],"curies":[{"name":"wp","href":"https:\/\/api.w.org\/{rel}","templated":true}]}}